r when 91614 is divided by 3314.
2136
Calculate the remainder when 434273 is divided by 30.
23
Calculate the remainder when 1073896 is divided by 18.
16
What is the remainder when 18922 is divided by 1740?
1522
Calculate the remainder when 1617186 is divided by 269401.
780
What is the remainder when 233746 is divided by 8?
2
Calculate the remainder when 190177 is divided by 66.
31
What is the remainder when 6357248 is divided by 6357153?
95
What is the remainder when 178354 is divided by 3121?
457
Calculate the remainder when 19670188 is divided by 3646.
18
What is the remainder when 23036351 is divided by 1244?
1203
What is the remainder when 168508 is divided by 168340?
168
Calculate the remainder when 244676 is divided by 4798.
4776
What is the remainder when 145664 is divided by 48526?
86
What is the remainder when 180460507 is divided by 34?
33
Calculate the remainder when 7069 is divided by 86.
17
What is the remainder when 1936401 is divided by 33?
27
What is the remainder when 13095 is divided by 84?
75
Calculate the remainder when 318174 is divided by 7398.
60
Calculate the remainder when 88963503 is divided by 29654501.
0
Calculate the remainder when 2281 is divided by 2235.
46
Calculate the remainder when 37285697 is divided by 4166.
4163
Calculate the remainder when 374628 is divided by 374623.
5
What is the remainder when 549775 is divided by 8082?
199
What is the remainder when 837542 is divided by 279142?
116
Calculate the remainder when 31207 is divided by 8447.
5866
Calculate the remainder when 5972332 is divided by 542936.
36
Calculate the remainder when 191257 is divided by 2452.
1
Calculate the remainder when 46709 is divided by 3574.
247
What is the remainder when 3352622 is divided by 1117528?
38
What is the remainder when 920317 is divided by 3711?
3700
What is the remainder when 970525 is divided by 82?
55
What is the remainder when 1006619 is divided by 1006328?
291
What is the remainder when 84917307 is divided by 21229325?
7
What is the remainder when 23703038 is divided by 60?
38
What is the remainder when 1355498 is divided by 8?
2
Calculate the remainder when 22114597 is divided by 40.
37
What is the remainder when 16093719 is divided by 834?
21
What is the remainder when 6956664 is divided by 419?
7
What is the remainder when 1697627 is divided by 1255?
867
Calculate the remainder when 4698601 is divided by 204282.
115
What is the remainder when 1677565 is divided by 67102?
15
Calculate the remainder when 1625926 is divided by 2609.
519
Calculate the remainder when 2104766698 is divided by 2270.
2268
Calculate the remainder when 705693 is divided by 15862.
7765
What is the remainder when 1165298 is divided by 388429?
11
What is the remainder when 7472929 is divided by 230?
229
Calculate the remainder when 57909981 is divided by 58.
55
What is the remainder when 533595 is divided by 39?
36
Calculate the remainder when 4185018 is divided by 1240.
18
What is the remainder when 436722 is divided by 398?
116
Calculate the remainder when 12013425 is divided by 12475.
0
What is the remainder when 31526565 is divided by 43?
40
Calculate the remainder when 1896360 is divided by 27483.
33
Calculate the remainder when 401288 is divided by 164.
144
Calculate the remainder when 2146169 is divided by 6.
5
What is the remainder when 735019499 is divided by 1450?
1449
Calculate the remainder when 1471096 is divided by 1492.
1476
Calculate the remainder when 98638 is divided by 13476.
4306
Calculate the remainder when 206171722 is divided by 870.
862
Calculate the remainder when 9977789 is divided by 1662964.
5
What is the remainder when 52029 is divided by 8662?
57
What is the remainder when 2375401 is divided by 12?
1
What is the remainder when 3787661 is divided by 27?
20
What is the remainder when 2076605 is divided by 245?
230
What is the remainder when 386465 is divided by 114?
5
Calculate the remainder when 58972314 is divided by 395.
394
What is the remainder when 406926 is divided by 6283?
4814
Calculate the remainder when 300831 is divided by 150383.
65
What is the remainder when 199265548 is divided by 1751?
1748
What is the remainder when 61064 is divided by 6103?
34
What is the remainder when 397771 is divided by 14727?
142
What is the remainder when 2643 is divided by 1036?
571
Calculate the remainder when 47339244 is divided by 1213826.
30
What is the remainder when 93555 is divided by 92551?
1004
What is the remainder when 341400 is divided by 336?
24
What is the remainder when 214332 is divided by 454?
44
What is the remainder when 38266314 is divided by 13?
8
What is the remainder when 3645532 is divided by 2100?
2032
What is the remainder when 70796882 is divided by 15281?
9
Calculate the remainder when 2940235 is divided by 2039.
2036
What is the remainder when 6274404 is divided by 103?
56
What is the remainder when 627786 is divided by 1706?
1684
What is the remainder when 21324 is divided by 272?
108
What is the remainder when 536385 is divided by 10515?
120
What is the remainder when 1131221 is divided by 564984?
1253
Calculate the remainder when 10225120 is divided by 4438.
4406
Calculate the remainder when 1260090 is divided by 284.
266
Calculate the remainder when 388262627 is divided by 117.
116
Calculate the remainder when 7513205 is divided by 204.
89
What is the remainder when 103807902 is divided by 15?
12
What is the remainder when 2014264 is divided by 671239?
547
Calculate the remainder when 49565963 is divided by 3362.
3359
What is the remainder when 8078676 is divided by 8715?
8586
Calculate the remainder when 12467060 is divided by 245.
235
What is the remainder when 137563 is divided by 3537?
3157
Calculate the remainder when 259313 is divided by 131.
64
What is the remainder when 77338 is divided by 3942?
2440
Calculate the remainder when 9700397 is divided by 81.
80
What is the remainder when 1055919 is divided by 87992?
15
Calculate the remainder when 1415309 is divided by 56607.
134
What is the remainder when 1612626 is divided by 705?
291
What is the remainder when 3186660 is divided by 1593327?
6
Calculate the remainder when 31830790 is divided by 275.
90
What is the remainder when 1704576347 is divided by 2018?
2017
Calculate the remainder when 23984 is divided by 7901.
281
What is the remainder when 221358 is divided by 1291?
597
Calculate the remainder when 9302087 is divided by 1228.
1215
What is the remainder when 8621562 is divided by 15?
12
What is the remainder when 7443 is divided by 7391?
52
What is the remainder when 4394153 is divided by 19883?
10
What is the remainder when 1582283 is divided by 113015?
73
What is the remainder when 2504831 is divided by 39?
17
Calculate the remainder when 539349 is divided by 165.
129
Calculate the remainder when 194076 is divided by 48502.
68
Calculate the remainder when 16333 is divided by 657.
565
What is the remainder when 140856 is divided by 35188?
104
What is the remainder when 8343 is divided by 2859?
2625
What is the remainder when 21546581 is divided by 3591088?
53
Calculate the remainder when 460431977 is divided by 20928726.
5
Calculate the remainder when 2934058 is divided by 77.
50
Calculate the remainder when 28294670 is divided by 14147332.
6
What is the remainder when 572422 is divided by 204?
202
Calculate the remainder when 12149 is divided by 4034.
47
What is the remainder when 24225715 is divided by 22?
19
What is the remainder when 49714 is divided by 16544?
82
What is the remainder when 5568586 is divided by 1011?
1009
Calculate the remainder when 4610179 is divided by 7017.
10
Calculate the remainder when 1846661 is divided by 153888.
5
What is the remainder when 213767 is divided by 53428?
55
What is the remainder when 2597227 is divided by 1298612?
3
What is the remainder when 76998 is divided by 1400?
1398
What is the remainder when 444612 is divided by 134?
0
Calculate the remainder when 59079884 is divided by 112.
108
Calculate the remainder when 431379994 is divided by 631.
630
Calculate the remainder when 277207365 is divided by 4779437.
19
What is the remainder when 49498 is divided by 1297?
212
What is the remainder when 8968319 is divided by 169?
165
What is the remainder when 9274283 is divided by 58